s**3/2 + 2*s. Let j(x) be the second derivative of k(x). Calculate j(8).
-1
Let a(t) = -4*t**3 - 6*t**2 - 7*t + 2. Let q(g) = 5*g**3 + 7*g**2 + 8*g - 2. Let y(p) = 6*a(p) + 5*q(p). Suppose -4*i + i = 3. Let h = i - -3. What is y(h)?
2
Suppose 5*f - 2*x = 2*f + 10, -f = -4*x - 10. Suppose -9 = -5*g + f*g. Let k = 3 - g. Let l(v) = v**2 - v + 7. What is l(k)?
7
Let z(d) be the first derivative of d**4/4 - 7*d**3/3 - 2*d**2 + 2*d - 43. Calculate z(7).
-26
Let b(m) = -m**2 + m + 4. Let h = 12 - 5. Suppose 4 = -p + h. Determine b(p).
-2
Let f = -61 - -58. Let h(y) = y**2 + y + 2. Give h(f).
8
Suppose -2*u = -5*n - 25, 3*u + n = -n + 9. Let j = 15 - 15. Let o(k) = j*k + 5*k + 0*k - 4*k. What is o(u)?
5
Let d(n) = -96*n + 0 + 0 + 92*n. What is d(-3)?
12
Suppose -14*s + 8 = -16*s. Let h(c) = -c - 6. Determine h(s).
-2
Let l(n) = -n**3 + 5*n**2 - 2*n + 1. Let s be 3/(-12) + (-42)/(-8). What is l(s)?
-9
Let j(b) = -b**3 - 6*b**2 + 2*b + 3. Let p(u) = u**3 + 7*u**2 - 2*u - 4. Let i(a) = -6*j(a) - 5*p(a). Determine i(-3).
-10
Let a(v) be the second derivative of 1/360*v**6 + 0*v**2 + 0 + v + 7/120*v**5 + 1/3*v**3 + 5/24*v**4. Let l(o) be the second derivative of a(o). Give l(-5).
-5
Suppose 0 = -b + 2*b + 3. Let h = 2 + b. Let x be 1 - 0/(h/1). Let j(o) = -7*o**3 - 2*o**2 + o. Give j(x).
-8
Let d = 15 - 21. Let t = d + 9. Let x(h) = 5*h**2 - 3*h**3 - 3*h - t + 2*h**3 - 1. Calculate x(3).
5
Let j(s) be the second derivative of -2*s + 1/6*s**4 + 1/6*s**3 + 0 + 0*s**2. Give j(1).
3
Let s(m) = -2*m**2 + 7*m - 4. Let j(w) = -w**3 + w**2 + 4. Suppose 0*q - 2*q = -2. Let v = -1 + q. Let p be j(v). Calculate s(p).
-8
Let y(s) = -s + 2. Let f(j) = j - 3. Let r(w) = -5*f(w) - 4*y(w). Give r(7).
0
Let o(r) = -4*r. Let j be o(-1). Suppose 0 = -4*d + 12 + j. Let v(x) = 0*x**3 - x**3 - 2*x + 1 - d*x**2 + 0*x**3. Determine v(-3).
-2
Let o(f) = f**2 + 9*f + 9. Let h(k) = -2*k**2 - 18*k - 18. Let w(r) = -4*h(r) - 9*o(r). Calculate w(-7).
5
Let l(j) = -2*j. Let f = -7 + 4. Let u be l(f). Let m(r) = -r**3 + 6*r**2 - 3*r + 9. Give m(u).
-9
Let m(q) be the second derivative of -q**4/6 - q**3 - q**2/2 + 37*q. Calculate m(-4).
-9
Let z be ((-8)/(-10))/((-8)/20). Let g(o) be the third derivative of o**6/120 + o**5/15 + o**4/12 - o**2. Calculate g(z).
4
Suppose 2*g + 3*g = 35. Let q(o) = 0 - 2 + o**3 + g*o**2 + 2*o + 5*o. Give q(-5).
13
Let a(n) = -n**2 + 8*n + 9. Let s(l) = -3*l**2 - 41*l + 23. Let v be s(-14). Give a(v).
0
Let z(b) be the first derivative of -b**3/3 + 5*b**2 - 6*b - 14. Give z(9).
3
Let q(p) = -p**2 + 3*p - 5. Let j(f) = -f**2 + 4*f - 5. Let t(r) = 4*j(r) - 3*q(r). Give t(6).
1
Let k be (-65)/(-4) - (-1)/(-4). Suppose -5*g = -g - k. Let f(o) = -o**3 + 3*o**2 + 3*o - 5. Give f(g).
-9
Let c(q) = q**3 - q + 2. Suppose 6*h + 16 = 2*h. Let d(t) = -t**2 - 3*t + 4. Let w be d(h). Let p = w - 0. Calculate c(p).
2
Let g(j) = -3*j**2 - j**2 + 2*j**2 + 2*j - 5*j + 2. Determine g(2).
-12
Let r(g) = -g**2 + 6*g + 8. Let p be r(6). Let w(h) be the second derivative of h**3/3 + 2*h. Let k(s) = 5*s - 1. Let y(d) = p*w(d) - 3*k(d). Determine y(-2).
1
Suppose -20 = -5*r + 4*s, 5*r = -5*s + 4*s + 20. Suppose -r*v - 21 = 3*w, 2*w - 3*v - 3 = -0*v. Let d(k) = -k. Calculate d(w).
3
Let z(d) = -5*d - 1. Let v(b) = 2 - 2*b**3 - 4 + b**3 + 4*b**2 - 3*b. Let s be v(3). Determine z(s).
9
Let h(w) = -3*w - 3*w**2 + 3*w - w**3 + 1 - 2*w + 4*w. Let k be -3 + 10 + -3 + 1. Suppose -11 = k*g + 4. Determine h(g).
-5
Let k(o) be the second derivative of o**5/20 + 5*o**4/12 + o**3/3 - 2*o**2 + 39*o. Give k(-5).
-14
Let b(s) = s - 3. Let k be b(11). Let r = k - 11. Let c(t) = 3*t**3 - 3*t**2 - t + 8. Let i(g) = g**3 - g + 1. Let f(w) = c(w) - 4*i(w). What is f(r)?
-5
Let p(f) be the second derivative of 0*f**2 + 0*f**4 + 1/120*f**5 + 1/3*f**3 + 2*f + 0. Let c(q) be the second derivative of p(q). Give c(0).
0
Let k = -8 + 6. Let z(i) be the first derivative of i**5/20 + i**4/4 + i**3/2 + i**2/2 + i - 1. Let c(g) be the first derivative of z(g). Give c(k).
-1
Let b(d) be the third derivative of -d**4/24 + d**3/3 - 4*d**2. Let c be -2*(-2)/(12/(-9)). What is b(c)?
5
Let m be 2/(-8) + (-39)/(-12). Let j = -4 - -6. Let n(s) = 1 + j + s - 2*s. Give n(m).
0
Let v(p) = 0*p**2 + 3 - p**3 + p**2 + 3*p**2 + 2 + p. Determine v(5).
-15
Let b(v) = v**3 - v**2 - 5*v + 2. Let c = 38 + -35. Determine b(c).
5
Let b(g) = -3*g - 1. Let y be 3/6 + (-10)/4. Let a = y - -4. Give b(a).
-7
Let t(l) = -l + 1. Let p(j) be the first derivative of -3*j**2 + 2*j - 3. Let q(k) = p(k) - 3*t(k). Suppose 0 = 5*m - 10 - 0. What is q(m)?
-7
Let t(g) = g. Let u be t(2). Let j(r) = 1 - 3*r**u - 3*r**3 + 2 + 0*r**3 + 2*r**3 + r. Give j(-3).
0
Suppose 0 = -3*l + l + 10. Let o(k) = k**2 + 7*k + 8. Let d be o(-6). Let r(t) = -d - 4*t + t**3 + 0*t + 1 - 4*t**2. Determine r(l).
4
Let x(p) = -p**3 + p + 17. Let h = -4 + 4. Calculate x(h).
17
Let p = 11 - 19. Let l(m) = m + 11. Calculate l(p).
3
Let i(w) = -3*w**2 + 2*w + 10. Let n(h) = h**2 + 0*h + 3*h + 0*h - 3 - 4*h. Let j(k) = -2*i(k) - 7*n(k). Let f = -4 - -8. What is j(f)?
-3
Let u(y) = 5*y**2 + 2*y + 2. Let q(t) = -t**2 - 1. Let a(g) = -17*g**2 - 3*g - 11. Let x(s) = -a(s) + 6*q(s). Let v(p) = 9*u(p) - 4*x(p). What is v(-5)?
-7
Let t(j) be the third derivative of j**5/60 + j**4/4 + 5*j**3/6 - 197*j**2. Let y = 4 - 11. Let n = -11 - y. Calculate t(n).
-3
Let t(p) = -5*p + 2 + 2 + 37*p**2 - 36*p**2 - 3. Let j = 7 + -1. Calculate t(j).
7
Let o be -1 + -1 - (-4)/4. Let l = 4 - o. Let x(r) be the second derivative of r**3/3 - 3*r**2 + r. Give x(l).
4
Suppose 0 = -3*q - 5*h + 7, 4*h - h = 2*q + 27. Let n(o) = -o. Calculate n(q).
6
Suppose 0 = -3*r - 2*q + 11, -3*r - 2*q = -7*q + 17. Let i be r - (-2 - 0/(-1)). Let h = 0 - i. Let f(v) = -2*v. Give f(h).
6
Let h(d) be the first derivative of -d**5/120 + d**4/24 - 2*d**3/3 + 2. Let c(o) be the third derivative of h(o). Calculate c(-3).
4
Let j(w) = -3*w**3 + 5*w**2 - 6*w - 6. Let r(x) = 8*x**3 - 15*x**2 + 18*x + 18. Let h(k) = -11*j(k) - 4*r(k). Give h(-6).
-6
Suppose -2*z - 3*z - 40 = 0. Let f = z - -5. Let j(w) = w**3 + 4*w**2 + 3*w - 3. Determine j(f).
-3
Let c(b) = -b + 5. Let o be c(0). Suppose -11 = o*v + 4. Let k be -3 - 3/(-9)*v. Let r(f) = f**2 + 5*f + 1. Give r(k).
-3
Let q(c) = -c - 2. Let t be (-4 - 1)*3/5. Let p(h) = -1. Let x(y) = t*p(y) + q(y). Determine x(-6).
7
Suppose -10 = -5*j + 2*j - h, -5*h = -5*j - 10. Let c(f) = 18*f - 8*f**3 + 1 + 7*f**3 - 19*f. What is c(j)?
-9
Suppose 5*z - 25 = -2*q, -3*z + q + 16 = 2*q. Let u(c) = 3*c - 5. What is u(z)?
16
Let o(n) = n**3 + 6*n**2 + 5*n - 2. Let k = -64 - 116. Let s be k/(-22) - 4/22. Let a be 5/20 + (-42)/s. Calculate o(a).
-2
Let n(p) = -2 - 3*p**3 - 8*p**2 - 1 + 2*p**3 + p + 2*p**3. Let y be n(8). Let q(f) = -f + f - y - f. Determine q(-4).
-1
Let f(w) = -w**3 + 7*w**2 - 5*w - 2. Let r(l) = 2*l**3 - 4*l**2 + 3*l. Let h be r(2). Determine f(h).
4
Suppose 15 = 3*l - 3*v, v - 5 = -0*l - l. Let j = -4 + l. Let w(f) = -3*f. Give w(j).
-3
Suppose 0 = 5*w - 60 + 50. Let o(a) be the third derivative of 1/60*a**5 + 0*a - 1/24*a**4 + 4*a**w + 1/6*a**3 + 0. Give o(0).
1
Let f(w) = 4*w - 1. Suppose 159 = 5*q - 6. Let m be 6/30 - q/15. Calculate f(m).
-9
Let l = 9 - 5. Let w(y) = 2*y**2 - 4*y - 3. Give w(l).
13
Let c be 10/(-14) + (-4)/14. Let x(r) = 0 - 1 + 0*r + 5*r. What is x(c)?
-6
Let p(z) be the second derivative of -z**8/2240 - z**7/1260 - z**6/720 + z**4/12 + 3*z. Let v(x) be the third derivative of p(x). What is v(-1)?
2
Let q(w) = 5*w - 4. Let r(n) = -3*n + 3. Let f(b) = 5*q(b) + 8*r(b). Determine f(-4).
0
Let p(r) = r**2 + 4*r + 2. Let f be p(-2). Let k = -7 - f. Let x(a) = a**3 + 6*a**2 + 6*a + 4. Calculate x(k).
-1
Let l be (-14 - -16)*2/(-4). Let a(v) = -6*v**3 - v**2 + 1. Determine a(l).
6
Let s be (1 + -1)/(-1 + -1). Let c = 3 - s. Let k(j) be the first derivative of -j**4/4 + 4*j**3/3 - 2*j**2 + 2. Calculate k(c).
-3
Let t(s) = -5*s - 1. Let o = -56 - -54. Calculate t(o).
9
Let k(r) = 2*r. Let a = 12 + -13. Determine k(a).
-2
Let t = -8 + 11. Let p(u) = 0*u - 3 - 2*u - t*u. Give p(-3).
12
Suppose u + 1 + 2 = 0. Let i(y) = 5*y + 7. Let s(c) = -c. Let w(j) = -i(j) - 4*s(j). Give w(u).
-4
Let p(q) be the second derivative of q**4/12 + q**3/3 - 7*q**2/2 - 2*q. Suppose 2*y + 